{"id":3360,"date":"2020-04-18T15:35:50","date_gmt":"2020-04-18T13:35:50","guid":{"rendered":"https:\/\/www.adictosaljetlag.com\/?page_id=3360"},"modified":"2020-04-18T15:35:51","modified_gmt":"2020-04-18T13:35:51","slug":"gastronomia","status":"publish","type":"page","link":"https:\/\/www.adictosaljetlag.com\/index.php\/gastronomia\/","title":{"rendered":"Gastronom\u00eda"},"content":{"rendered":"\n<style type='text\/css' media='all'>#rt-tpg-container-1795800537 .rt-holder .rt-woo-info .price{color:#0367bf;}body .rt-tpg-container .rt-tpg-isotope-buttons .selected,\r\n\t\t\t\t\t#rt-tpg-container-1795800537 .layout12 .rt-holder:hover .rt-detail,\r\n\t\t\t\t\t#rt-tpg-container-1795800537 .isotope8 .rt-holder:hover .rt-detail,\r\n\t\t\t\t\t#rt-tpg-container-1795800537 .carousel8 .rt-holder:hover .rt-detail,\r\n\t\t\t\t\t#rt-tpg-container-1795800537 .layout13 .rt-holder .overlay .post-info,\r\n\t\t\t\t\t#rt-tpg-container-1795800537 .isotope9 .rt-holder .overlay .post-info,\r\n\t\t\t\t\t#rt-tpg-container-1795800537.rt-tpg-container .layout4 .rt-holder .rt-detail,\r\n\t\t\t\t\t.rt-modal-1795800537 .md-content,\r\n\t\t\t\t\t.rt-modal-1795800537 .md-content > .rt-md-content-holder .rt-md-content,\r\n\t\t\t\t\t.rt-popup-wrap-1795800537.rt-popup-wrap .rt-popup-navigation-wrap,\r\n\t\t\t\t\t#rt-tpg-container-1795800537 .carousel9 .rt-holder .overlay .post-info{background-color:#0367bf;}#rt-tpg-container-1795800537 .layout5 .rt-holder .overlay, #rt-tpg-container-1795800537 .isotope2 .rt-holder .overlay, #rt-tpg-container-1795800537 .carousel2 .rt-holder .overlay,#rt-tpg-container-1795800537 .layout15 .rt-holder h3, #rt-tpg-container-1795800537 .isotope11 .rt-holder h3, #rt-tpg-container-1795800537 .carousel11 .rt-holder h3, #rt-tpg-container-1795800537 .layout16 .rt-holder h3,\r\n\t\t\t\t\t#rt-tpg-container-1795800537 .isotope12 .rt-holder h3, #rt-tpg-container-1795800537 .carousel12 .rt-holder h3 {background-color:rgba(3,103,191,0.8);}#rt-tpg-container-1795800537 .read-more a{border-radius:px;}#rt-tpg-container-1795800537 .rt-img-holder img.rt-img-responsive,#rt-tpg-container-1795800537 .rt-img-holder,\r\n\t\t\t\t\t#rt-tpg-container-1795800537 .rt-post-overlay .post-img,\r\n\t\t\t\t\t#rt-tpg-container-1795800537 .post-sm .post-img,\r\n\t\t\t\t\t#rt-tpg-container-1795800537 .rt-post-grid .post-img,\r\n\t\t\t\t\t#rt-tpg-container-1795800537 .post-img img {border-radius:px;}<\/style><div class='rt-container-fluid rt-tpg-container tpg-shortcode-main-wrapper ' id='rt-tpg-container-1795800537'   data-layout='layout1' data-grid-style='even' data-desktop-col='3'  data-tab-col='2'  data-mobile-col='1' data-sc-id='3359'><div data-title='Loading ...' class='rt-row rt-content-loader   layout1 tpg-even '><div class=\"rt-col-md-4 rt-col-sm-6 rt-col-xs-12 even-grid-item rt-grid-item\" data-id=\"668\"><div class=\"rt-holder\"><div class=\"rt-img-holder\"><a data-id=\"668\" class=\"\" href=\"https:\/\/www.adictosaljetlag.com\/index.php\/2016\/11\/27\/gran-menu-cepa-21\/\"><img loading=\"lazy\" decoding=\"async\" width=\"400\" height=\"140\" src=\"https:\/\/www.adictosaljetlag.com\/wp-content\/uploads\/2016\/11\/cepa21_collage-400x140.png\" class=\"rt-img-responsive \" alt=\"\" data-wp-pid=\"1445\" \/><\/a><\/div><div class='rt-detail'><h2 class=\"entry-title\"><a data-id=\"668\" class=\"\" href=\"https:\/\/www.adictosaljetlag.com\/index.php\/2016\/11\/27\/gran-menu-cepa-21\/\">Gran Men\u00fa Cepa 21<\/a><\/h2><div class='tpg-excerpt'>Hac\u00eda ya tiempo que ten\u00edamos ganas de conocer el restaurante ubicado en la bodega Cepa 21, en plena Ribera del Duero. Su chef, Alberto Soto, fue nombrado en 2014 Mejor Cocinero de Castilla y Le\u00f3n por la Academia castellana y...<\/div><div class='post-meta '><span class='read-more'><a data-id='668' class='' href='https:\/\/www.adictosaljetlag.com\/index.php\/2016\/11\/27\/gran-menu-cepa-21\/'>Leer m\u00e1s<\/a><\/span><\/div><\/div><\/div><\/div><div class=\"rt-col-md-4 rt-col-sm-6 rt-col-xs-12 even-grid-item rt-grid-item\" data-id=\"949\"><div class=\"rt-holder\"><div class=\"rt-img-holder\"><a data-id=\"949\" class=\"\" href=\"https:\/\/www.adictosaljetlag.com\/index.php\/2016\/11\/26\/estrellas-michelin-2017\/\"><img loading=\"lazy\" decoding=\"async\" width=\"400\" height=\"140\" src=\"https:\/\/www.adictosaljetlag.com\/wp-content\/uploads\/2016\/11\/cabeceraMichelin2017-1-400x140.jpg\" class=\"rt-img-responsive \" alt=\"\" data-wp-pid=\"1475\" \/><\/a><\/div><div class='rt-detail'><h2 class=\"entry-title\"><a data-id=\"949\" class=\"\" href=\"https:\/\/www.adictosaljetlag.com\/index.php\/2016\/11\/26\/estrellas-michelin-2017\/\">Estrellas Michelin 2017<\/a><\/h2><div class='tpg-excerpt'>Aqu\u00ed os dejamos el nuevo mapa actualizado con las estrellas michel\u00edn de 2017, con 15 nuevas incorporaciones en Espa\u00f1a, y 7 en Portugal. 3 Estrellas2 Estrellas\u00a01 Estrella &nbsp;...<\/div><div class='post-meta '><span class='read-more'><a data-id='949' class='' href='https:\/\/www.adictosaljetlag.com\/index.php\/2016\/11\/26\/estrellas-michelin-2017\/'>Leer m\u00e1s<\/a><\/span><\/div><\/div><\/div><\/div><div class=\"rt-col-md-4 rt-col-sm-6 rt-col-xs-12 even-grid-item rt-grid-item\" data-id=\"624\"><div class=\"rt-holder\"><div class=\"rt-img-holder\"><a data-id=\"624\" class=\"\" href=\"https:\/\/www.adictosaljetlag.com\/index.php\/2016\/05\/29\/sibaritas-klub-el-nuevo-restaurante-del-chef-pena-top-chef-2014-en-valladolid\/\"><img loading=\"lazy\" decoding=\"async\" width=\"400\" height=\"140\" src=\"https:\/\/www.adictosaljetlag.com\/wp-content\/uploads\/2016\/05\/SibaritasKlub_collage-2-400x140.png\" class=\"rt-img-responsive \" alt=\"\" data-wp-pid=\"1473\" \/><\/a><\/div><div class='rt-detail'><h2 class=\"entry-title\"><a data-id=\"624\" class=\"\" href=\"https:\/\/www.adictosaljetlag.com\/index.php\/2016\/05\/29\/sibaritas-klub-el-nuevo-restaurante-del-chef-pena-top-chef-2014-en-valladolid\/\">Sibaritas Klub, el nuevo restaurante del chef Pe\u00f1a (Top Chef 2014) en Valladolid<\/a><\/h2><div class='tpg-excerpt'>El pasado mi\u00e9rcoles 4\u00a0de Mayo de 2016 el chef Javier Garc\u00eda Pe\u00f1a (5\u00ba puesto en Top Chef 2014) inaugur\u00f3 su nuevo restaurante en la d\u00e9cima planta del Museo de la Ciencia de Valladolid.\u00a0Durante los primeros 4 d\u00edas tras la inauguraci\u00f3n...<\/div><div class='post-meta '><span class='read-more'><a data-id='624' class='' href='https:\/\/www.adictosaljetlag.com\/index.php\/2016\/05\/29\/sibaritas-klub-el-nuevo-restaurante-del-chef-pena-top-chef-2014-en-valladolid\/'>Leer m\u00e1s<\/a><\/span><\/div><\/div><\/div><\/div><div class=\"rt-col-md-4 rt-col-sm-6 rt-col-xs-12 even-grid-item rt-grid-item\" data-id=\"570\"><div class=\"rt-holder\"><div class='rt-detail'><h2 class=\"entry-title\"><a data-id=\"570\" class=\"\" href=\"https:\/\/www.adictosaljetlag.com\/index.php\/2016\/02\/21\/menu-gastronomico-en-la-casona-del-judio-de-sergio-bastard\/\">Men\u00fa gastron\u00f3mico en La Casona del Jud\u00edo de Sergio Bastard<\/a><\/h2><div class='tpg-excerpt'>Desde que vimos el paso de Sergio Bastard por el programa de Top Chef (uno de nuestros concursantes favoritos) ten\u00edamos ganas de acercarnos a Santander para experimentar la &#8220;Mesa Gastron\u00f3mica&#8221; de la Casona del Jud\u00edo, y decimos &#8220;experimentar&#8221; porque el...<\/div><div class='post-meta '><span class='read-more'><a data-id='570' class='' href='https:\/\/www.adictosaljetlag.com\/index.php\/2016\/02\/21\/menu-gastronomico-en-la-casona-del-judio-de-sergio-bastard\/'>Leer m\u00e1s<\/a><\/span><\/div><\/div><\/div><\/div><div class=\"rt-col-md-4 rt-col-sm-6 rt-col-xs-12 even-grid-item rt-grid-item\" data-id=\"473\"><div class=\"rt-holder\"><div class='rt-detail'><h2 class=\"entry-title\"><a data-id=\"473\" class=\"\" href=\"https:\/\/www.adictosaljetlag.com\/index.php\/2016\/02\/06\/restaurantes-de-los-concursantes-de-top-chef\/\">Restaurantes de los concursantes de Top Chef<\/a><\/h2><div class='tpg-excerpt'>Aqu\u00ed os dejamos un mapa con los restaurantes de los concursantes de las tres ediciones de Top Chef Espa\u00f1a. 3\u00aa Edici\u00f3n (2015)2\u00aa Edici\u00f3n (2014)\u00a01\u00aa Edici\u00f3n (2013) &nbsp;...<\/div><div class='post-meta '><span class='read-more'><a data-id='473' class='' href='https:\/\/www.adictosaljetlag.com\/index.php\/2016\/02\/06\/restaurantes-de-los-concursantes-de-top-chef\/'>Leer m\u00e1s<\/a><\/span><\/div><\/div><\/div><\/div><div class=\"rt-col-md-4 rt-col-sm-6 rt-col-xs-12 even-grid-item rt-grid-item\" data-id=\"453\"><div class=\"rt-holder\"><div class='rt-detail'><h2 class=\"entry-title\"><a data-id=\"453\" class=\"\" href=\"https:\/\/www.adictosaljetlag.com\/index.php\/2016\/01\/28\/visitamos-streetxo-el-restaurante-de-comida-callejera-de-dabiz-munoz\/\">Visitamos StreetXO, el restaurante de comida callejera de Dabiz Mu\u00f1oz<\/a><\/h2><div class='tpg-excerpt'>El pasado s\u00e1bado fuimos a StreetXO, el restaurante que tiene Dabiz Mu\u00f1oz en el \u00faltimo piso del Corte Ingl\u00e9s de Serrano. Est\u00e1 inspirado en los puestos de comida callejera del Sudeste Asi\u00e1tico, y no es un restaurante al uso, sino...<\/div><div class='post-meta '><span class='read-more'><a data-id='453' class='' href='https:\/\/www.adictosaljetlag.com\/index.php\/2016\/01\/28\/visitamos-streetxo-el-restaurante-de-comida-callejera-de-dabiz-munoz\/'>Leer m\u00e1s<\/a><\/span><\/div><\/div><\/div><\/div><div class=\"rt-col-md-4 rt-col-sm-6 rt-col-xs-12 even-grid-item rt-grid-item\" data-id=\"204\"><div class=\"rt-holder\"><div class='rt-detail'><h2 class=\"entry-title\"><a data-id=\"204\" class=\"\" href=\"https:\/\/www.adictosaljetlag.com\/index.php\/2015\/11\/26\/mapa-estrellas-michelin-2016\/\">Mapa Estrellas Michelin 2016<\/a><\/h2><div class='tpg-excerpt'>Ayer se\u00a0present\u00f3 la Gu\u00eda Michel\u00edn 2016, y con ella las nuevas estrellas, que podemos ver en el siguiente mapa. &nbsp; 3 Estrellas2 Estrellas\u00a01 Estrella &nbsp;...<\/div><div class='post-meta '><span class='read-more'><a data-id='204' class='' href='https:\/\/www.adictosaljetlag.com\/index.php\/2015\/11\/26\/mapa-estrellas-michelin-2016\/'>Leer m\u00e1s<\/a><\/span><\/div><\/div><\/div><\/div><\/div><\/div>\n","protected":false},"excerpt":{"rendered":"","protected":false},"author":1,"featured_media":0,"parent":0,"menu_order":0,"comment_status":"closed","ping_status":"closed","template":"template-category.php","meta":{"_acf_changed":false,"advgb_blocks_editor_width":"","advgb_blocks_columns_visual_guide":"","footnotes":""},"acf":[],"coauthors":[],"author_meta":{"author_link":"https:\/\/www.adictosaljetlag.com\/index.php\/author\/adictos\/","display_name":"adictos"},"relative_dates":{"created":"Publicado 6 a\u00f1os hace","modified":"Actualizado 6 a\u00f1os hace"},"absolute_dates":{"created":"Publicado el 18 abril, 2020","modified":"Actualizado el 18 abril, 2020"},"absolute_dates_time":{"created":"Publicado el 18 abril, 2020 3:35 pm","modified":"Actualizado el 18 abril, 2020 3:35 pm"},"featured_img_caption":"","featured_img":false,"series_order":"","rttpg_featured_image_url":null,"rttpg_author":{"display_name":"adictos","author_link":"https:\/\/www.adictosaljetlag.com\/index.php\/author\/adictos\/"},"rttpg_comment":0,"rttpg_category":"","rttpg_excerpt":null,"_links":{"self":[{"href":"https:\/\/www.adictosaljetlag.com\/index.php\/wp-json\/wp\/v2\/pages\/3360"}],"collection":[{"href":"https:\/\/www.adictosaljetlag.com\/index.php\/wp-json\/wp\/v2\/pages"}],"about":[{"href":"https:\/\/www.adictosaljetlag.com\/index.php\/wp-json\/wp\/v2\/types\/page"}],"author":[{"embeddable":true,"href":"https:\/\/www.adictosaljetlag.com\/index.php\/wp-json\/wp\/v2\/users\/1"}],"replies":[{"embeddable":true,"href":"https:\/\/www.adictosaljetlag.com\/index.php\/wp-json\/wp\/v2\/comments?post=3360"}],"version-history":[{"count":1,"href":"https:\/\/www.adictosaljetlag.com\/index.php\/wp-json\/wp\/v2\/pages\/3360\/revisions"}],"predecessor-version":[{"id":3361,"href":"https:\/\/www.adictosaljetlag.com\/index.php\/wp-json\/wp\/v2\/pages\/3360\/revisions\/3361"}],"wp:attachment":[{"href":"https:\/\/www.adictosaljetlag.com\/index.php\/wp-json\/wp\/v2\/media?parent=3360"}],"curies":[{"name":"wp","href":"https:\/\/api.w.org\/{rel}","templated":true}]}}