{"id":1990,"date":"2018-08-12T19:09:42","date_gmt":"2018-08-12T17:09:42","guid":{"rendered":"http:\/\/www.adictosaljetlag.com\/?page_id=1990"},"modified":"2020-04-18T14:34:30","modified_gmt":"2020-04-18T12:34:30","slug":"diario-de-china","status":"publish","type":"page","link":"https:\/\/www.adictosaljetlag.com\/index.php\/diario-de-china\/","title":{"rendered":"Diario de China"},"content":{"rendered":"\n<p>Aqu\u00ed encontrareis todos los post del diario de viaje a China:<\/p>\n\n\n\n        <div class=\"wcp-carousel-main-wrap\">\r\n        <section class=\"wcp-slick\"  data-accessibility = on data-dots = on data-autoplaySpeed = 3000 data-slidesToShow = 3 data-slidesToShowtab = 3 data-slidesToShowmob = 1 data-slidesToScroll = 3 data-speed = 300 data-margin = 10px data-arrows = on data-rows = 1 data-slidesPerRow = 1 id=\"carousel-2008\">\r\n\r\n                            <div class=\"slick-slide carousel-item-3215\">\r\n                    <div class=\"post-style-2 rpc-bg rpc-box\">\r\n    <div class=\"wcp-img-wrap\">\r\n        <a href=\"https:\/\/www.adictosaljetlag.com\/index.php\/2018\/12\/04\/dia-8-xian-templo-del-dios-de-la-ciudad-barrio-musulman\/\">\r\n            <img loading=\"lazy\" decoding=\"async\" width=\"400\" height=\"160\" src=\"https:\/\/www.adictosaljetlag.com\/wp-content\/uploads\/2020\/03\/Xian5-400x160.jpg\" class=\"attachment-post-image-small size-post-image-small wp-post-image\" alt=\"\" data-wp-pid=\"3260\" \/>        <\/a>\r\n    <\/div>\r\n    <div class=\"wcp-content-wrap\">\r\n        <h3>\r\n            <a class=\"rpc-title\" href=\"https:\/\/www.adictosaljetlag.com\/index.php\/2018\/12\/04\/dia-8-xian-templo-del-dios-de-la-ciudad-barrio-musulman\/\" target=\"_self\" class=\"rpc-title\">\r\n                D\u00eda 8: Xian (Templo del dios de la ciudad, Barrio musulm\u00e1n)            <\/a>\r\n        <\/h3>\r\n                <div class=\"wcp-post-contents rpc-content\">\r\n\r\n            Viajamos en tren desde Pingyao a Xian, pasamos la tarde en su ajetreado barrio musulm\u00e1n y cenamos el famoso Banquete de Dumplings\r\n                            <br>\r\n                <a href=\"https:\/\/www.adictosaljetlag.com\/index.php\/2018\/12\/04\/dia-8-xian-templo-del-dios-de-la-ciudad-barrio-musulman\/\" target=\"_self\" class=\"\">Leer m\u00e1s<\/a>\r\n        \r\n        <\/div>        \r\n    <\/div>\r\n<\/div>                <\/div>    \r\n\r\n                            <div class=\"slick-slide carousel-item-2232\">\r\n                    <div class=\"post-style-2 rpc-bg rpc-box\">\r\n    <div class=\"wcp-img-wrap\">\r\n        <a href=\"https:\/\/www.adictosaljetlag.com\/index.php\/2018\/11\/29\/china-dia-7-pingyao\/\">\r\n            <img loading=\"lazy\" decoding=\"async\" width=\"400\" height=\"160\" src=\"https:\/\/www.adictosaljetlag.com\/wp-content\/uploads\/2020\/03\/pingyao1-400x160.jpg\" class=\"attachment-post-image-small size-post-image-small wp-post-image\" alt=\"\" data-wp-pid=\"3209\" \/>        <\/a>\r\n    <\/div>\r\n    <div class=\"wcp-content-wrap\">\r\n        <h3>\r\n            <a class=\"rpc-title\" href=\"https:\/\/www.adictosaljetlag.com\/index.php\/2018\/11\/29\/china-dia-7-pingyao\/\" target=\"_self\" class=\"rpc-title\">\r\n                China D\u00eda 7: Pingyao            <\/a>\r\n        <\/h3>\r\n                <div class=\"wcp-post-contents rpc-content\">\r\n\r\n            Pasamos el d\u00eda completo en Pingyao, visitando la ciudad, caminando por la muralla y comiendo platos t\u00edpicos de la zona\r\n                            <br>\r\n                <a href=\"https:\/\/www.adictosaljetlag.com\/index.php\/2018\/11\/29\/china-dia-7-pingyao\/\" target=\"_self\" class=\"\">Leer m\u00e1s<\/a>\r\n        \r\n        <\/div>        \r\n    <\/div>\r\n<\/div>                <\/div>    \r\n\r\n                            <div class=\"slick-slide carousel-item-2209\">\r\n                    <div class=\"post-style-2 rpc-bg rpc-box\">\r\n    <div class=\"wcp-img-wrap\">\r\n        <a href=\"https:\/\/www.adictosaljetlag.com\/index.php\/2018\/11\/19\/china-dia-6-datong-grutas-de-yungang-templo-shanhua\/\">\r\n            <img loading=\"lazy\" decoding=\"async\" width=\"400\" height=\"160\" src=\"https:\/\/www.adictosaljetlag.com\/wp-content\/uploads\/2018\/11\/grutasYungang2_Datong-400x160.jpg\" class=\"attachment-post-image-small size-post-image-small wp-post-image\" alt=\"\" data-wp-pid=\"2224\" \/>        <\/a>\r\n    <\/div>\r\n    <div class=\"wcp-content-wrap\">\r\n        <h3>\r\n            <a class=\"rpc-title\" href=\"https:\/\/www.adictosaljetlag.com\/index.php\/2018\/11\/19\/china-dia-6-datong-grutas-de-yungang-templo-shanhua\/\" target=\"_self\" class=\"rpc-title\">\r\n                China D\u00eda 6: Datong (Grutas de Yungang, Templo Shanhua)            <\/a>\r\n        <\/h3>\r\n                <div class=\"wcp-post-contents rpc-content\">\r\n\r\n            Continuamos en Datong visitando la grutas Yungang, el templo Shanhua, el muro de los 9 dragones y la torre del tambor, comemos unos deliciosos dumplings y terminamos el d\u00eda cogiendo un tren hasta Pingyao\r\n                            <br>\r\n                <a href=\"https:\/\/www.adictosaljetlag.com\/index.php\/2018\/11\/19\/china-dia-6-datong-grutas-de-yungang-templo-shanhua\/\" target=\"_self\" class=\"\">Leer m\u00e1s<\/a>\r\n        \r\n        <\/div>        \r\n    <\/div>\r\n<\/div>                <\/div>    \r\n\r\n                            <div class=\"slick-slide carousel-item-2118\">\r\n                    <div class=\"post-style-2 rpc-bg rpc-box\">\r\n    <div class=\"wcp-img-wrap\">\r\n        <a href=\"https:\/\/www.adictosaljetlag.com\/index.php\/2018\/11\/18\/china-dia-5-datong-templo-colgante-pagoda-de-madera-de-yingxian-monasterio-huayan\/\">\r\n            <img loading=\"lazy\" decoding=\"async\" width=\"400\" height=\"160\" src=\"https:\/\/www.adictosaljetlag.com\/wp-content\/uploads\/2018\/11\/temploColgante_Datong-400x160.jpg\" class=\"attachment-post-image-small size-post-image-small wp-post-image\" alt=\"\" data-wp-pid=\"2192\" \/>        <\/a>\r\n    <\/div>\r\n    <div class=\"wcp-content-wrap\">\r\n        <h3>\r\n            <a class=\"rpc-title\" href=\"https:\/\/www.adictosaljetlag.com\/index.php\/2018\/11\/18\/china-dia-5-datong-templo-colgante-pagoda-de-madera-de-yingxian-monasterio-huayan\/\" target=\"_self\" class=\"rpc-title\">\r\n                China D\u00eda 5: Datong (Templo colgante, Pagoda de Madera de Yingxian, Monasterio Huayan)            <\/a>\r\n        <\/h3>\r\n                <div class=\"wcp-post-contents rpc-content\">\r\n\r\n            Hoy nos despedimos de Pek\u00edn y volamos hacia nuestra siguiente parada: Datong, donde visitamos el templo colgante, la pagoda de madera m\u00e1s antigua que se conserva en China, y el monasterio Xia Huayan\r\n                            <br>\r\n                <a href=\"https:\/\/www.adictosaljetlag.com\/index.php\/2018\/11\/18\/china-dia-5-datong-templo-colgante-pagoda-de-madera-de-yingxian-monasterio-huayan\/\" target=\"_self\" class=\"\">Leer m\u00e1s<\/a>\r\n        \r\n        <\/div>        \r\n    <\/div>\r\n<\/div>                <\/div>    \r\n\r\n                            <div class=\"slick-slide carousel-item-2095\">\r\n                    <div class=\"post-style-2 rpc-bg rpc-box\">\r\n    <div class=\"wcp-img-wrap\">\r\n        <a href=\"https:\/\/www.adictosaljetlag.com\/index.php\/2018\/08\/26\/china-dia-4-pekin-gran-muralla-calle-de-los-fantasmas\/\">\r\n            <img loading=\"lazy\" decoding=\"async\" width=\"400\" height=\"160\" src=\"https:\/\/www.adictosaljetlag.com\/wp-content\/uploads\/2018\/08\/vistasMurallaChina_Mutianyu_Pekin-400x160.jpg\" class=\"attachment-post-image-small size-post-image-small wp-post-image\" alt=\"\" data-wp-pid=\"2103\" \/>        <\/a>\r\n    <\/div>\r\n    <div class=\"wcp-content-wrap\">\r\n        <h3>\r\n            <a class=\"rpc-title\" href=\"https:\/\/www.adictosaljetlag.com\/index.php\/2018\/08\/26\/china-dia-4-pekin-gran-muralla-calle-de-los-fantasmas\/\" target=\"_self\" class=\"rpc-title\">\r\n                China D\u00eda 4: Pek\u00edn (Gran Muralla, Calle de los Fantasmas)            <\/a>\r\n        <\/h3>\r\n                <div class=\"wcp-post-contents rpc-content\">\r\n\r\n            Hoy hacemos una de las visitas estrella: La Gran Muralla China. Probamos el Hot Pot y nuestro restaurante favorito del viaje: Din Tai Fung, para terminar la noche en la calle de los fantasmas comiendo cangrejos extra picantes\r\n                            <br>\r\n                <a href=\"https:\/\/www.adictosaljetlag.com\/index.php\/2018\/08\/26\/china-dia-4-pekin-gran-muralla-calle-de-los-fantasmas\/\" target=\"_self\" class=\"\">Leer m\u00e1s<\/a>\r\n        \r\n        <\/div>        \r\n    <\/div>\r\n<\/div>                <\/div>    \r\n\r\n                            <div class=\"slick-slide carousel-item-2072\">\r\n                    <div class=\"post-style-2 rpc-bg rpc-box\">\r\n    <div class=\"wcp-img-wrap\">\r\n        <a href=\"https:\/\/www.adictosaljetlag.com\/index.php\/2018\/08\/26\/china-dia-3-pekin-ciudad-prohibida-parque-jingshan-calle-nan-luo-gu-xiang-templo-de-los-lamas-torres-del-tambor-y-campana-lago-houhai-wangfujing\/\">\r\n            <img loading=\"lazy\" decoding=\"async\" width=\"400\" height=\"160\" src=\"https:\/\/www.adictosaljetlag.com\/wp-content\/uploads\/2018\/08\/ciudadProhibida_Pekin-400x160.jpg\" class=\"attachment-post-image-small size-post-image-small wp-post-image\" alt=\"\" data-wp-pid=\"2077\" \/>        <\/a>\r\n    <\/div>\r\n    <div class=\"wcp-content-wrap\">\r\n        <h3>\r\n            <a class=\"rpc-title\" href=\"https:\/\/www.adictosaljetlag.com\/index.php\/2018\/08\/26\/china-dia-3-pekin-ciudad-prohibida-parque-jingshan-calle-nan-luo-gu-xiang-templo-de-los-lamas-torres-del-tambor-y-campana-lago-houhai-wangfujing\/\" target=\"_self\" class=\"rpc-title\">\r\n                China D\u00eda 3: Pek\u00edn (Ciudad Prohibida, Templo de los Lamas, Lago Houhai, Wangfujing)            <\/a>\r\n        <\/h3>\r\n                <div class=\"wcp-post-contents rpc-content\">\r\n\r\n            Cambiamos los planes debido al tif\u00f3n y visitamos la Ciudad Prohibida, la calle Nan Luo Gu Xiang, el templo de los Lamas y la zona del lago Houhai para terminar el d\u00eda cenando en el famoso mercado nocturno de Wangfujing\r\n                            <br>\r\n                <a href=\"https:\/\/www.adictosaljetlag.com\/index.php\/2018\/08\/26\/china-dia-3-pekin-ciudad-prohibida-parque-jingshan-calle-nan-luo-gu-xiang-templo-de-los-lamas-torres-del-tambor-y-campana-lago-houhai-wangfujing\/\" target=\"_self\" class=\"\">Leer m\u00e1s<\/a>\r\n        \r\n        <\/div>        \r\n    <\/div>\r\n<\/div>                <\/div>    \r\n\r\n                            <div class=\"slick-slide carousel-item-2030\">\r\n                    <div class=\"post-style-2 rpc-bg rpc-box\">\r\n    <div class=\"wcp-img-wrap\">\r\n        <a href=\"https:\/\/www.adictosaljetlag.com\/index.php\/2018\/08\/16\/china-dia-2-pekin-palacio-de-verano-sanlitun\/\">\r\n            <img loading=\"lazy\" decoding=\"async\" width=\"400\" height=\"160\" src=\"https:\/\/www.adictosaljetlag.com\/wp-content\/uploads\/2018\/08\/palacioDeVerano_Pekin-400x160.jpg\" class=\"attachment-post-image-small size-post-image-small wp-post-image\" alt=\"\" data-wp-pid=\"2033\" \/>        <\/a>\r\n    <\/div>\r\n    <div class=\"wcp-content-wrap\">\r\n        <h3>\r\n            <a class=\"rpc-title\" href=\"https:\/\/www.adictosaljetlag.com\/index.php\/2018\/08\/16\/china-dia-2-pekin-palacio-de-verano-sanlitun\/\" target=\"_self\" class=\"rpc-title\">\r\n                China D\u00eda 2: Pek\u00edn (Palacio de Verano, Sanlitun)            <\/a>\r\n        <\/h3>\r\n                <div class=\"wcp-post-contents rpc-content\">\r\n\r\n            Pasamos la ma\u00f1ana visitando el palacio de verano de Pek\u00edn, comemos nuestros primeros dumplings, terminamos la tarde en el moderno barrio de Sanlitun y cenamos el famoso Pato Pekin\u00e9s\r\n                            <br>\r\n                <a href=\"https:\/\/www.adictosaljetlag.com\/index.php\/2018\/08\/16\/china-dia-2-pekin-palacio-de-verano-sanlitun\/\" target=\"_self\" class=\"\">Leer m\u00e1s<\/a>\r\n        \r\n        <\/div>        \r\n    <\/div>\r\n<\/div>                <\/div>    \r\n\r\n                            <div class=\"slick-slide carousel-item-2011\">\r\n                    <div class=\"post-style-2 rpc-bg rpc-box\">\r\n    <div class=\"wcp-img-wrap\">\r\n        <a href=\"https:\/\/www.adictosaljetlag.com\/index.php\/2018\/08\/14\/china-dia-1-vuelo-madrid-pekin-pekin-templo-del-cielo-dashilan\/\">\r\n            <img loading=\"lazy\" decoding=\"async\" width=\"400\" height=\"160\" src=\"https:\/\/www.adictosaljetlag.com\/wp-content\/uploads\/2018\/08\/temploDelCielo2_Pekin-400x160.jpg\" class=\"attachment-post-image-small size-post-image-small wp-post-image\" alt=\"\" data-wp-pid=\"2017\" \/>        <\/a>\r\n    <\/div>\r\n    <div class=\"wcp-content-wrap\">\r\n        <h3>\r\n            <a class=\"rpc-title\" href=\"https:\/\/www.adictosaljetlag.com\/index.php\/2018\/08\/14\/china-dia-1-vuelo-madrid-pekin-pekin-templo-del-cielo-dashilan\/\" target=\"_self\" class=\"rpc-title\">\r\n                China D\u00eda 1: Vuelo Madrid-Pekin \/ Pekin (Templo del cielo, Dashilan)            <\/a>\r\n        <\/h3>\r\n                <div class=\"wcp-post-contents rpc-content\">\r\n\r\n            Volamos de Madrid a Pekin haciendo escala en Mosc\u00fa y por la tarde visitamos el Templo del Cielo y la zona de hutongs de Dashilan\r\n                            <br>\r\n                <a href=\"https:\/\/www.adictosaljetlag.com\/index.php\/2018\/08\/14\/china-dia-1-vuelo-madrid-pekin-pekin-templo-del-cielo-dashilan\/\" target=\"_self\" class=\"\">Leer m\u00e1s<\/a>\r\n        \r\n        <\/div>        \r\n    <\/div>\r\n<\/div>                <\/div>    \r\n\r\n                            <div class=\"slick-slide carousel-item-1995\">\r\n                    <div class=\"post-style-2 rpc-bg rpc-box\">\r\n    <div class=\"wcp-img-wrap\">\r\n        <a href=\"https:\/\/www.adictosaljetlag.com\/index.php\/2018\/08\/12\/china-dia-0-preparacion-del-viaje\/\">\r\n                    <\/a>\r\n    <\/div>\r\n    <div class=\"wcp-content-wrap\">\r\n        <h3>\r\n            <a class=\"rpc-title\" href=\"https:\/\/www.adictosaljetlag.com\/index.php\/2018\/08\/12\/china-dia-0-preparacion-del-viaje\/\" target=\"_self\" class=\"rpc-title\">\r\n                China D\u00eda 0: Preparaci\u00f3n del viaje            <\/a>\r\n        <\/h3>\r\n                <div class=\"wcp-post-contents rpc-content\">\r\n\r\n            Preparamos nuestro viaje a China combinando d\u00edas libres por nuestra cuenta con excursiones organizadas con la agencia China Highlights. Antes de salir es importante el visado, las tarjetas SIM y la VPN\r\n                            <br>\r\n                <a href=\"https:\/\/www.adictosaljetlag.com\/index.php\/2018\/08\/12\/china-dia-0-preparacion-del-viaje\/\" target=\"_self\" class=\"\">Leer m\u00e1s<\/a>\r\n        \r\n        <\/div>        \r\n    <\/div>\r\n<\/div>                <\/div>    \r\n\r\n                \r\n        <\/section>\r\n        <\/div>\r\n        <style>#carousel-2008 .slick-prev:before, #carousel-2008 .slick-next:before { color: #000000 !important;}#carousel-2008 .slick-slide { margin: 2px 10px; } #carousel-2008 .rpc-title { color: ; } #carousel-2008 .rpc-content { color: ; } #carousel-2008 .rpc-date { background-color: ; } #carousel-2008 .rpc-date { color: ; } #carousel-2008 .rpc-overlay { background-color: ; } #carousel-2008 .carousel-style9 { border-top-color: ; } #carousel-2008 .carousel-style9 .button:before { background-color: ; } #carousel-2008 .rpc-box { box-shadow: 1px 1px 3px rgba(0, 0, 0, 0.3); } #carousel-2008 .rpc-bg { background-color: ; } #carousel-2008 .rpc-title-bg { background-color: ; } #carousel-2008 .rpc-box { border: 0px solid ; } #carousel-2008 .fixed-height-image { height: ; } #carousel-2008 .style4 { padding: 10px; } #carousel-2008 .style6 { padding: 10px; } #carousel-2008 .slick-next:before { content: '\\ \\f0a9 '; } #carousel-2008 .slick-prev:before { content: '\\ \\f0a8'; }#carousel-2008 .rpc-title { font-family: ; } #carousel-2008 .rpc-title { font-size: ; } #carousel-2008 .rpc-content { font-family: ; } #carousel-2008 .rpc-content { font-size: ; } <\/style>\n\n\n\n<ul><li><a href=\"https:\/\/www.adictosaljetlag.es\/index.php\/2018\/08\/12\/china-dia-0-preparacion-del-viaje\/\">D\u00eda 0: Preparaci\u00f3n del viaje<\/a><\/li><li><a href=\"https:\/\/www.adictosaljetlag.es\/index.php\/2018\/08\/14\/china-dia-1-vuelo-madrid-pekin-pekin-templo-del-cielo-dashilan\/\">D\u00eda 1: Vuelo Madrid-Pekin \/ Pekin&nbsp;(Templo del cielo, Dashilan)<\/a><\/li><li><a href=\"https:\/\/www.adictosaljetlag.es\/index.php\/2018\/08\/16\/china-dia-2-pekin-palacio-de-verano-sanlitun\/\">D\u00eda 2: Pekin&nbsp;(Palacio de Verano, Sanlitun)<\/a><\/li><li><a href=\"https:\/\/www.adictosaljetlag.es\/index.php\/2018\/08\/26\/china-dia-3-pekin-ciudad-prohibida-parque-jingshan-calle-nan-luo-gu-xiang-templo-de-los-lamas-torres-del-tambor-y-campana-lago-houhai-wangfujing\/\">D\u00eda 3: Pek\u00edn (Ciudad Prohibida, Templo de los Lamas, Lago Houhai, Wangfujing)<\/a><\/li><li><a href=\"https:\/\/www.adictosaljetlag.es\/index.php\/2018\/08\/26\/china-dia-4-pekin-gran-muralla-calle-de-los-fantasmas\/\">D\u00eda 4: Pekin (Gran muralla, Calle de los fantasmas)<\/a><\/li><li><a href=\"https:\/\/www.adictosaljetlag.com\/index.php\/2018\/11\/18\/china-dia-5-datong-templo-colgante-pagoda-de-madera-de-yingxian-monasterio-huayan\/\">D\u00eda 5: Datong (Templo colgante, Pagoda de Madera de Yingxian, Monasterio Huayan)<\/a><\/li><li><a href=\"https:\/\/www.adictosaljetlag.com\/index.php\/2018\/11\/19\/china-dia-6-datong-grutas-de-yungang-templo-shanhua\/\">D\u00eda 6: Datong (Grutas de Yungang, Templo Shanhua)<\/a><\/li><li><a href=\"https:\/\/www.adictosaljetlag.com\/index.php\/2018\/11\/29\/china-dia-7-pingyao\/\">D\u00eda 7: Pingyao<\/a><\/li><li><a href=\"https:\/\/www.adictosaljetlag.com\/index.php\/2018\/12\/04\/dia-8-xian-templo-del-dios-de-la-ciudad-barrio-musulman\/\">D\u00eda 8: Xian (Gran mezquita, Templo del dios de la ciudad, Torres del tambor y la campana, Barrio musulm\u00e1n)<\/a><\/li><li>D\u00eda 9: Xian (Museo de Guerreros de terracota, Gran Pagoda de la Oca Salvaje, Muralla)<\/li><li>D\u00eda 10: Luoyang (Templo de Caballo Blanco, Grutas de Longmen, Lijingmen)<\/li><li>D\u00eda 11: Templo Shaolin, Academia antigua de Songyang<\/li><li>D\u00eda 12: Shangai (Nanjing Road, Bund, Pudong, Shangai Tower)<\/li><li>D\u00eda 13: Shangai (Templo del buda de jade, Templo Jing&#8217;an, Templo Longhua, Urban Planning Exhibition Center)<\/li><li>D\u00eda 14: Shangai (Tongli, Xintiandi)<\/li><li>D\u00eda 15: Shangai (Jard\u00edn Yuyuan, Templo del dios de la ciudad, Concesi\u00f3n francesa, Tianzifang)<\/li><li>D\u00eda 16: Hong Kong (merecido d\u00eda de relax en el hotel)<\/li><li>D\u00eda 17: Hong Kong (Hong Kong Island)<\/li><li>D\u00eda 18: Hong Kong (Jard\u00edn Nan Lian, Convento Chi Lin, Templo Wong Tai Sin, Bird Garden y Flower Market, Mong Kok, Templo Tin Hau, Avenida de las estrellas, Temple Street Night Market)<\/li><li>D\u00eda 19: Vuelo Hong Kong-Mosc\u00fa<\/li><\/ul>\n\n\n\n<iframe loading=\"lazy\" src=\"https:\/\/www.google.com\/maps\/d\/u\/1\/embed?mid=1XLVgDcMn7nCUfaPW9Ct9Wtk-0KoNzOjy\" width=\"100%\" height=\"480\"><\/iframe>\n\n\n\n<p><\/p>\n","protected":false},"excerpt":{"rendered":"<p>Aqu\u00ed encontrareis todos los post del diario de viaje a China: D\u00eda 0: Preparaci\u00f3n del viaje D\u00eda 1: Vuelo Madrid-Pekin \/ Pekin&nbsp;(Templo del cielo, Dashilan) D\u00eda 2: Pekin&nbsp;(Palacio de Verano, Sanlitun) D\u00eda 3: Pek\u00edn (Ciudad Prohibida, Templo de los Lamas, Lago Houhai, Wangfujing) D\u00eda 4: Pekin (Gran muralla, Calle de los fantasmas) D\u00eda 5: Datong [&hellip;]<\/p>\n","protected":false},"author":1,"featured_media":0,"parent":0,"menu_order":0,"comment_status":"closed","ping_status":"closed","template":"template-page.php","meta":{"_acf_changed":false,"advgb_blocks_editor_width":"","advgb_blocks_columns_visual_guide":"","footnotes":""},"acf":[],"coauthors":[],"author_meta":{"author_link":"https:\/\/www.adictosaljetlag.com\/index.php\/author\/adictos\/","display_name":"adictos"},"relative_dates":{"created":"Publicado 8 a\u00f1os hace","modified":"Actualizado 6 a\u00f1os hace"},"absolute_dates":{"created":"Publicado el 12 agosto, 2018","modified":"Actualizado el 18 abril, 2020"},"absolute_dates_time":{"created":"Publicado el 12 agosto, 2018 7:09 pm","modified":"Actualizado el 18 abril, 2020 2:34 pm"},"featured_img_caption":"","featured_img":false,"series_order":"","rttpg_featured_image_url":null,"rttpg_author":{"display_name":"adictos","author_link":"https:\/\/www.adictosaljetlag.com\/index.php\/author\/adictos\/"},"rttpg_comment":0,"rttpg_category":"","rttpg_excerpt":"Aqu\u00ed encontrareis todos los post del diario de viaje a China: D\u00eda 0: Preparaci\u00f3n del viaje D\u00eda 1: Vuelo Madrid-Pekin \/ Pekin&nbsp;(Templo del cielo, Dashilan) D\u00eda 2: Pekin&nbsp;(Palacio de Verano, Sanlitun) D\u00eda 3: Pek\u00edn (Ciudad Prohibida, Templo de los Lamas, Lago Houhai, Wangfujing) D\u00eda 4: Pekin (Gran muralla, Calle de los fantasmas) D\u00eda 5: Datong&hellip;","_links":{"self":[{"href":"https:\/\/www.adictosaljetlag.com\/index.php\/wp-json\/wp\/v2\/pages\/1990"}],"collection":[{"href":"https:\/\/www.adictosaljetlag.com\/index.php\/wp-json\/wp\/v2\/pages"}],"about":[{"href":"https:\/\/www.adictosaljetlag.com\/index.php\/wp-json\/wp\/v2\/types\/page"}],"author":[{"embeddable":true,"href":"https:\/\/www.adictosaljetlag.com\/index.php\/wp-json\/wp\/v2\/users\/1"}],"replies":[{"embeddable":true,"href":"https:\/\/www.adictosaljetlag.com\/index.php\/wp-json\/wp\/v2\/comments?post=1990"}],"version-history":[{"count":10,"href":"https:\/\/www.adictosaljetlag.com\/index.php\/wp-json\/wp\/v2\/pages\/1990\/revisions"}],"predecessor-version":[{"id":3349,"href":"https:\/\/www.adictosaljetlag.com\/index.php\/wp-json\/wp\/v2\/pages\/1990\/revisions\/3349"}],"wp:attachment":[{"href":"https:\/\/www.adictosaljetlag.com\/index.php\/wp-json\/wp\/v2\/media?parent=1990"}],"curies":[{"name":"wp","href":"https:\/\/api.w.org\/{rel}","templated":true}]}}